der when 562 is divided by 188?
186
What is the remainder when 154 is divided by 113?
41
What is the remainder when 1053 is divided by 118?
109
What is the remainder when 38871 is divided by 66?
63
What is the remainder when 69 is divided by 37?
32
Calculate the remainder when 4883 is divided by 111.
110
Calculate the remainder when 1420 is divided by 15.
10
What is the remainder when 1337 is divided by 13?
11
Calculate the remainder when 698 is divided by 37.
32
Calculate the remainder when 447 is divided by 76.
67
What is the remainder when 244 is divided by 35?
34
Calculate the remainder when 1504 is divided by 148.
24
Calculate the remainder when 3778 is divided by 135.
133
What is the remainder when 225 is divided by 33?
27
What is the remainder when 407 is divided by 59?
53
Calculate the remainder when 54 is divided by 4.
2
Calculate the remainder when 1339 is divided by 31.
6
Calculate the remainder when 576 is divided by 20.
16
Calculate the remainder when 1411 is divided by 280.
11
What is the remainder when 1537 is divided by 284?
117
What is the remainder when 1121 is divided by 312?
185
Calculate the remainder when 619 is divided by 161.
136
Calculate the remainder when 1417 is divided by 71.
68
Calculate the remainder when 664 is divided by 23.
20
What is the remainder when 288 is divided by 42?
36
What is the remainder when 11593 is divided by 374?
373
What is the remainder when 230 is divided by 11?
10
What is the remainder when 100 is divided by 68?
32
What is the remainder when 15741 is divided by 91?
89
Calculate the remainder when 697 is divided by 28.
25
Calculate the remainder when 3546 is divided by 443.
2
Calculate the remainder when 813 is divided by 43.
39
Calculate the remainder when 1662 is divided by 332.
2
What is the remainder when 1202 is divided by 1129?
73
Calculate the remainder when 372 is divided by 134.
104
Calculate the remainder when 113 is divided by 39.
35
What is the remainder when 58 is divided by 33?
25
What is the remainder when 105 is divided by 17?
3
What is the remainder when 111 is divided by 8?
7
Calculate the remainder when 448 is divided by 200.
48
What is the remainder when 256 is divided by 13?
9
Calculate the remainder when 58 is divided by 3.
1
Calculate the remainder when 1595 is divided by 50.
45
What is the remainder when 1431 is divided by 8?
7
Calculate the remainder when 294 is divided by 114.
66
What is the remainder when 72 is divided by 37?
35
What is the remainder when 875 is divided by 435?
5
Calculate the remainder when 8925 is divided by 203.
196
What is the remainder when 84 is divided by 27?
3
Calculate the remainder when 186 is divided by 161.
25
Calculate the remainder when 3035 is divided by 138.
137
What is the remainder when 595 is divided by 79?
42
What is the remainder when 36 is divided by 26?
10
Calculate the remainder when 323 is divided by 34.
17
What is the remainder when 186 is divided by 47?
45
What is the remainder when 3650 is divided by 281?
278
What is the remainder when 17469 is divided by 32?
29
Calculate the remainder when 234 is divided by 52.
26
What is the remainder when 977 is divided by 109?
105
Calculate the remainder when 721 is divided by 85.
41
What is the remainder when 223 is divided by 24?
7
Calculate the remainder when 1304 is divided by 87.
86
What is the remainder when 911 is divided by 158?
121
Calculate the remainder when 536 is divided by 25.
11
Calculate the remainder when 60 is divided by 21.
18
What is the remainder when 153 is divided by 13?
10
Calculate the remainder when 123 is divided by 63.
60
What is the remainder when 262 is divided by 11?
9
What is the remainder when 1139 is divided by 20?
19
What is the remainder when 324 is divided by 86?
66
What is the remainder when 5465 is divided by 7?
5
Calculate the remainder when 2253 is divided by 6.
3
Calculate the remainder when 219 is divided by 17.
15
What is the remainder when 267 is divided by 91?
85
What is the remainder when 1224 is divided by 56?
48
Calculate the remainder when 6599 is divided by 41.
39
Calculate the remainder when 1006 is divided by 48.
46
What is the remainder when 192 is divided by 66?
60
What is the remainder when 70 is divided by 19?
13
What is the remainder when 3977 is divided by 30?
17
Calculate the remainder when 87 is divided by 83.
4
What is the remainder when 347 is divided by 71?
63
Calculate the remainder when 1082 is divided by 339.
65
Calculate the remainder when 76 is divided by 6.
4
What is the remainder when 74 is divided by 8?
2
What is the remainder when 68 is divided by 31?
6
What is the remainder when 492 is divided by 11?
8
What is the remainder when 141 is divided by 65?
11
What is the remainder when 72 is divided by 26?
20
What is the remainder when 254 is divided by 15?
14
What is the remainder when 209 is divided by 50?
9
Calculate the remainder when 1258 is divided by 330.
268
What is the remainder when 733 is divided by 21?
19
What is the remainder when 30 is divided by 17?
13
What is the remainder when 111 is divided by 29?
24
Calculate the remainder when 101 is divided by 44.
13
Calculate the remainder when 347 is divided by 56.
11
What is the remainder when 250 is divided by 61?
6
What is the remainder when 130 is divided by 67?
63
What is the remainder when 699 is divided by 25?
24
What is the remainder when 63 is divided by 45?
18
Calculate the remainder when 1205 is divided by 70.
15
Calculate the remainder when 436 is divided by 73.
71
Calculate the remainder when 180 is divided by 62.
56
What is the remainder when 531 is divided by 135?
126
What is the remainder when 376 is divided by 27?
25
Calculate the remainder when 1966 is divided by 26.
16
What is the remainder when 11168 is divided by 57?
53
Calculate the remainder when 269 is divided by 77.
38
What is the remainder when 191 is divided by 15?
11
What is the remainder when 1277 is divided by 40?
37
Calculate the remainder when 374 is divided by 240.
134
Calculate the remainder when 182 is divided by 41.
18
Calculate the remainder when 2478 is divided by 37.
36
Calculate the remainder when 107 is divided by 20.
7
What is the remainder when 485 is divided by 73?
47
What is the remainder when 2462 is divided by 26?
18
What is the remainder when 4343 is divided by 23?
19
Calculate the remainder when 64 is divided by 17.
13
What is the remainder when 72 is divided by 65?
7
What is the remainder when 1879 is divided by 313?
1
What is the remainder when 636 is divided by 144?
60
What is the remainder when 1047 is divided by 50?
47
Calculate the remainder when 894 is divided by 313.
268
Calculate the remainder when 375 is divided by 27.
24
Calculate the remainder when 12 is divided by 5.
2
What is the remainder when 1775 is divided by 74?
73
Calculate the remainder when 55 is divided by 41.
14
Calculate the remainder when 2989 is divided by 22.
19
What is the remainder when 1593 is divided by 21?
18
What is the remainder when 82 is divided by 54?
28
Calculate the remainder when 487 is divided by 266.
221
Calculate the remainder when 404 is divided by 141.
122
What is the remainder when 48 is divided by 26?
22
Calculate the remainder when 449 is divided by 118.
95
What is the remainder when 3956 is divided by 33?
29
What is the remainder when 468 is divided by 113?
16
What is the remainder when 494 is divided by 164?
2
What is the remainder when 351 is divided by 70?
1
What is the remainder when 193 is divided by 51?
40
What is the remainder when 163 is divided by 71?
21
What is the remainder when 36 is divided by 22?
14
What is the remainder when 1015 is divided by 506?
3
Calculate the remainder when 947 is divided by 189.
2
Calculate the remainder when 51 is divided by 9.
6
Calculate the remainder when 1408 is divided by 83.
80
Calculate the remainder when 1319 is divided by 33.
32
Calculate the remainder when 973 is divided by 16.
13
What is the remainder when 500 is divided by 120?
20
What is the remainder when 369 is divided by 15?
9
What is the remainder when 1195 is divided by 7?
5
Calculate the remainder when 207 is divided by 13.
12
Calculate the remainder when 96 is divided by 30.
6
What is the remainder when 354 is divided by 38?
12
Calculate the remainder